{"id":263,"date":"2025-12-11T00:33:13","date_gmt":"2025-12-11T00:33:13","guid":{"rendered":"https:\/\/whitepagedz.com\/sarl-step\/?post_type=product&#038;p=263"},"modified":"2026-02-09T20:06:25","modified_gmt":"2026-02-09T20:06:25","slug":"verin-hydraulique-double-effet","status":"publish","type":"product","link":"https:\/\/whitepagedz.com\/sarl-step\/product\/verin-hydraulique-double-effet\/","title":{"rendered":"V\u00e9rin hydraulique double effet"},"content":{"rendered":"<p data-start=\"1462\" data-end=\"1479\"><strong>Description<\/strong><\/p>\n<p data-start=\"1480\" data-end=\"1624\">V\u00e9rin robuste pour applications industrielles n\u00e9cessitant puissance et pr\u00e9cision. Id\u00e9al pour engins, presses hydrauliques et syst\u00e8mes de levage.<\/p>\n<p data-start=\"1626\" data-end=\"1646\"><strong>Sp\u00e9cifications<\/strong><\/p>\n<ul data-start=\"1647\" data-end=\"1762\">\n<li data-start=\"1647\" data-end=\"1672\">\n<p data-start=\"1649\" data-end=\"1672\">Course : 100 \u00e0 500 mm<\/p>\n<\/li>\n<li data-start=\"1673\" data-end=\"1700\">\n<p data-start=\"1675\" data-end=\"1700\">Pression max : 250 bars<\/p>\n<\/li>\n<li data-start=\"1701\" data-end=\"1734\">\n<p data-start=\"1703\" data-end=\"1734\">Tige chrom\u00e9e haute r\u00e9sistance<\/p>\n<\/li>\n<li data-start=\"1735\" data-end=\"1762\">\n<p data-start=\"1737\" data-end=\"1762\">Joints haute durabilit\u00e9<\/p>\n<\/li>\n<\/ul>\n<p data-start=\"1764\" data-end=\"1780\"><strong>Variations<\/strong><\/p>\n<ul data-start=\"1781\" data-end=\"1821\">\n<li data-start=\"1781\" data-end=\"1800\">\n<p data-start=\"1783\" data-end=\"1800\">Course du v\u00e9rin<\/p>\n<\/li>\n<li data-start=\"1801\" data-end=\"1821\">\n<p data-start=\"1803\" data-end=\"1821\">Diam\u00e8tre du piston<\/p>\n<\/li>\n<\/ul>\n","protected":false},"excerpt":{"rendered":"<p>V\u00e9rin robuste pour applications industrielles n\u00e9cessitant puissance et pr\u00e9cision. Id\u00e9al pour engins, presses hydrauliques et syst\u00e8mes de levage.<\/p>\n","protected":false},"featured_media":265,"comment_status":"open","ping_status":"closed","template":"","meta":[],"product_brand":[],"product_cat":[19],"product_tag":[],"class_list":{"0":"post-263","1":"product","2":"type-product","3":"status-publish","4":"has-post-thumbnail","6":"product_cat-equipements-hydrauliques","8":"first","9":"instock","10":"shipping-taxable","11":"product-type-simple"},"jetpack_sharing_enabled":true,"_links":{"self":[{"href":"https:\/\/whitepagedz.com\/sarl-step\/wp-json\/wp\/v2\/product\/263","targetHints":{"allow":["GET"]}}],"collection":[{"href":"https:\/\/whitepagedz.com\/sarl-step\/wp-json\/wp\/v2\/product"}],"about":[{"href":"https:\/\/whitepagedz.com\/sarl-step\/wp-json\/wp\/v2\/types\/product"}],"replies":[{"embeddable":true,"href":"https:\/\/whitepagedz.com\/sarl-step\/wp-json\/wp\/v2\/comments?post=263"}],"wp:featuredmedia":[{"embeddable":true,"href":"https:\/\/whitepagedz.com\/sarl-step\/wp-json\/wp\/v2\/media\/265"}],"wp:attachment":[{"href":"https:\/\/whitepagedz.com\/sarl-step\/wp-json\/wp\/v2\/media?parent=263"}],"wp:term":[{"taxonomy":"product_brand","embeddable":true,"href":"https:\/\/whitepagedz.com\/sarl-step\/wp-json\/wp\/v2\/product_brand?post=263"},{"taxonomy":"product_cat","embeddable":true,"href":"https:\/\/whitepagedz.com\/sarl-step\/wp-json\/wp\/v2\/product_cat?post=263"},{"taxonomy":"product_tag","embeddable":true,"href":"https:\/\/whitepagedz.com\/sarl-step\/wp-json\/wp\/v2\/product_tag?post=263"}],"curies":[{"name":"wp","href":"https:\/\/api.w.org\/{rel}","templated":true}]}}